 when 27 is divided by 1 + t - (35/5 + -12).
6
Suppose 3*i + n = 8162, -87*n = -86*n + 7. What is the remainder when i is divided by 88?
83
Suppose p - 10 = 2*r - 0*r, 14 = p - 3*r. Let v(o) = -2*o**2 - 6*o + 5*o**p - 155 + o + 151. What is the remainder when 29 is divided by v(3)?
5
Let q = 38799 + -38582. Calculate the remainder when 42313 is divided by q.
215
Suppose -4*s = s - 70. Suppose 5*w - 80 = -v + 72, 5*v - 694 = -3*w. Calculate the remainder when v is divided by s.
11
Suppose m - 5*v = 149, -62*m + 66*m - 2*v - 542 = 0. What is the remainder when 931 is divided by m?
127
Let y(c) = -80*c + 69. Let g(l) = 5*l + 42. Let q be g(-9). What is the remainder when y(q) is divided by 52?
49
Let n be (-2)/(-8) - 999/108. What is the remainder when n/(-6) + 880/32 is divided by 13?
3
Suppose -54 = 20*f - 17*f. Let x = f + 0. Calculate the remainder when 3 - ((-2)/2)/((-3)/x) is divided by 3.
0
Let a = -237 + 237. Suppose -725 = -5*b - 4*z + 7*z, a = 3*z. What is the remainder when b is divided by 7?
5
Let d(p) = -p**3 - 13*p**2 + 163*p + 20. What is the remainder when 380 is divided by d(-21)?
5
Let g = -46 + 202. Let k = g - 119. Calculate the remainder when 157 is divided by k.
9
Suppose -18 - 33 = -17*g. Suppose -5*a = 2*p - 1103, 2*a - 4*a + g*p + 445 = 0. What is the remainder when a is divided by 14?
11
Let w(y) = -28*y - 604. What is the remainder when 398 is divided by w(-25)?
14
Let d = -88 - -69. Let f = d - -49. Let p = f - 4. What is the remainder when p is divided by 14?
12
Let c(x) = -717*x - 6254. What is the remainder when c(-9) is divided by 12?
7
Let g be (-2)/2 + (0 - -1). Calculate the remainder when (-444 - g)/(-3) + 1 is divided by 25.
24
Let t(j) = j**2 - 58*j - 476. Calculate the remainder when 518 is divided by t(66).
50
Let h(w) = 9*w + 8. Calculate the remainder when 84 is divided by h(2).
6
Suppose -3*a - 3 = -345. Let k = a - 102. Calculate the remainder when 4 + -8 - 200/(-4) is divided by k.
10
Let f = -10702 - -10719. Let a(b) = b**3 - 7*b**2 + 6*b + 7. What is the remainder when f is divided by a(6)?
3
Suppose 2*t - 4*n + 0*n - 6 = 0, -5*n = 0. Suppose -t*j + 178 = 4*a, j - 4*a - 10 = 60. Let v = 43 - 27. Calculate the remainder when j is divided by v.
14
Suppose -w + 19 = -58. What is the remainder when 112 is divided by (-42)/w - 72/(-11)?
4
Let n(k) = -69*k + 67. Let x be n(-6). Suppose 9*b - 50 = x. Calculate the remainder when b is divided by 5.
4
Let j(d) be the second derivative of d**4/12 + 29*d**3/6 - 37*d**2/2 - 2*d - 5. Calculate the remainder when 221 is divided by j(-31).
21
Suppose 30 = 5*g, -2067*g - 75 = -n - 2069*g. Calculate the remainder when 2324 is divided by n.
56
Let w be -3 + 3 + 6 + 0 + 0. Let z(k) = k**2 - 2*k - 1. What is the remainder when z(w) is divided by 1*(-5)/((-20)/32)?
7
Let r = -3646 + 3666. Suppose 577 = -3*i + 46. What is the remainder when (4/(-2))/(6/i) is divided by r?
19
Let d(u) = -11*u - 146. Let y be ((-76)/8 - 5) + (-2)/(-4). Calculate the remainder when 101 is divided by d(y).
5
Suppose -8*l + 21 = -l. Suppose -120 = -4*x - l*r - r, -6 = 3*r. Calculate the remainder when 49 is divided by x.
17
Let p(h) = -h**2 - 13*h + 236. Let r be p(0). Let s = r - 112. What is the remainder when s is divided by 25?
24
Suppose -81 - 371 = 4*j. Let y = j + 116. What is the remainder when 106 is divided by y - (6 + -3) - 24/(-2)?
10
Let g = -31 + 141. Suppose -28*d = -18*d - g. Calculate the remainder when d is divided by 6.
5
Let s(k) = k - 1. Let g be s(6). Suppose 0 = l - 2*l + g. Suppose -234 = -83*m - 22*m - 24. Calculate the remainder when l is divided by m.
1
Let q(w) = -w**2 + 139*w - 4020. Calculate the remainder when q(53) is divided by 34.
28
Let u be 5 - 15*(-4)/(-10). Let a(r) = -34*r**3 + r**2 + 2*r. Calculate the remainder when a(u) is divided by 22.
11
Let m be ((-1)/3)/(159/(-18) + 9). Calculate the remainder when 20/6*(895/10 - m) is divided by 9.
8
Suppose -51*f + 11111 = -4001 - 12071. What is the remainder when f is divided by 49?
43
Let t(n) = n**2 + 30*n - 18. Let l be (0 - 0)/(20/10). Suppose l = -5*u - 5*z, -5*u = -5*z + 36 - 86. What is the remainder when t(-31) is divided by u?
3
Let l be ((-32)/(-40))/(6/1695) - -4. Suppose -5*u = 0, 2*v - 7*v + 4*u + l = 0. Let k(w) = -89*w + 2. What is the remainder when k(-2) is divided by v?
42
Let z = -187 - -293. What is the remainder when z is divided by (2 - 16/5)*225/(-10)?
25
Suppose 7*p - 2*p = 830. Let j = -3646 + 3659. What is the remainder when p is divided by j?
10
Suppose -124 = -y - 46*w + 49*w, -5*w - 5 = 0. Let k = -56 - -97. What is the remainder when y is divided by k?
39
Let f(c) = c**3 + 109*c**2 - 112*c + 215. Calculate the remainder when 1373 is divided by f(-110).
68
Let r(n) = 79*n**3 - 4*n**2 - 7*n - 5. Let f be r(-2). Let c = 303 + f. Let i = -199 - c. What is the remainder when i is divided by 35?
32
Suppose 75*f = -d + 72*f + 44, 5*f = -4*d + 204. What is the remainder when 1838 is divided by d?
46
Suppose 7 = 3*m + 4. Let d = -4 - -9. Suppose d*a - m - 79 = 0. What is the remainder when 46 is divided by a?
14
What is the remainder when (-93)/((-9)/3) - -1 is divided by (-14)/133 + 11760/532?
10
Suppose 357 - 367 = 2*p, -4*z - 4*p = -1964. What is the remainder when z is divided by 50?
46
Suppose -142*i - 71890 = -221*i. What is the remainder when i is divided by 102?
94
Let y = -1 - 0. Let l(v) = -42*v**3 - v**2 - v. Suppose 26 = 2*f - 3*z, f + 2*z - 52 + 18 = 0. Calculate the remainder when l(y) is divided by f.
20
Calculate the remainder when 479 is divided by (-10)/(-1) + 0 + -47 + 43 + 161.
145
Let w(s) = s**3 - s + 39. Suppose 0*q - 8 = 2*x + 4*q, -2*x = -5*q - 10. Calculate the remainder when w(x) is divided by (71/(-142))/(-2*(-2)/(-88)).
6
Let t be (-15 + -9)*1/1. What is the remainder when 2/3 - 1136/t is divided by 31?
17
Suppose 3*y + 5 = -4*h, -5*h = 6*y - 3*y + 7. What is the remainder when 109 is divided by (-3328)/(-260) - y/(-5)?
5
Suppose -9*a + 51 = -12*a. Let b = 9 - a. Let n = -56 + 72. Calculate the remainder when b is divided by n.
10
Suppose -w = -2*l + 86, l - 9 = -4*w - 308. Let h = -34 - w. Calculate the remainder when h is divided by 16.
10
Suppose -3*j - 1933 = -k, -j + 9713 = -631*k + 636*k. Calculate the remainder when k is divided by 92.
10
Suppose 0 = 7*r - 811 - 204. What is the remainder when r is divided by 74?
71
Suppose 2*w = x + 237, 4*w - 121*x + 123*x - 470 = 0. Calculate the remainder when w is divided by 40.
38
Let o(d) = 4*d**2 - 3*d + 2. Suppose -3*x - 9 = -3*t, -15*t - 16 = 2*x - 19*t. Calculate the remainder when 116 is divided by o(x).
8
Let i(u) = 4*u**2 + 3*u - 20. Let h be i(-7). Suppose 4*t + t = h. Suppose t*g = 28*g + 72. Calculate the remainder when g is divided by 15.
9
Suppose -4*b + 1146 = 3*z, -55*z = 2*b - 59*z - 562. What is the remainder when 580 is divided by b?
10
Let i be 68/5 - (-2)/5. Let p(r) = -3*r**2 + 121*r - 262. Calculate the remainder when i/(-2)*(-12)/7 is divided by p(38).
0
Suppose 9*a - 7*a + 2*m - 12 = 0, 0 = 4*a - 2*m - 54. Let g(x) = 9*x + 733. What is the remainder when g(21) is divided by a?
9
Let x(r) = r**2 - 16*r + 19. Let m be x(15). Let u be (72/20)/(m/(-10)). Let v(j) = 2*j**2 + 20*j + 25. What is the remainder when v(u) is divided by 2?
1
Let d(u) = -21 - 45 - 17 + 0 - 17*u. Calculate the remainder when d(-7) is divided by 13.
10
Suppose -6*d + 1193 = -151. Let a = d + -155. What is the remainder when a is divided by 19?
12
Let a(w) = 119*w**2 - 708*w - 6. Calculate the remainder when 510 is divided by a(6).
0
Suppose 7*g - 3179 = 5060. What is the remainder when 44 is divided by 2/(-11) + 42586/g?
8
Let d be 70/(-21)*(0 + 9/(-6)). Suppose 0 = -0*j - d*j + 160. What is the remainder when j is divided by 5 - (-3 - (-3 + 0))?
2
What is the remainder when (-19)/(475/(-4715)) + -1*(-4)/10 is divided by 16?
13
Let z = 61 + -51. Let j = 18 + z. Suppose 0*g - 4*g = -j. What is the remainder when 45 is divided by g?
3
Let z(w) = 2*w + 107. Let c(t) be the first derivative of -5*t**2 - 43*t - 46. What is the remainder when z(0) is divided by c(-8)?
33
Let r = -1 + 3. Let g be 210/(-70)*14/3. Let q = g + 18. Calculate the remainder when q is divided by r.
0
Let m = 2217 + -1265. Let g(c) = 4*c**2 + 2*c + 